it of k?
1
Suppose -2*s - 3737 = -3*b, 5*b + s = 6*s + 6220. What is the tens digit of b?
4
Suppose -294 - 4548 = -y - 2*a, 5*y - 5*a - 24225 = 0. What is the units digit of y?
4
Let t(o) = 2*o**3 - 24*o**2 - 15*o - 32. What is the hundreds digit of t(13)?
1
Let d(z) = -z**2 + z. Let u(b) = 4*b**2 - 5*b + 4. Let a(s) = -5*d(s) - u(s). Let t be a(3). Suppose -t*f - 21 = -6*f. What is the units digit of f?
1
Suppose -y + 8 = -5*y. Let w = 2 - y. What is the units digit of w?
4
Suppose 7*d - 6869 = -2074. What is the hundreds digit of d?
6
Suppose -2*g = -5*a - 34, 0*a + 3*a = 5*g - 47. Let p be ((-6)/(-42))/(1/g). Suppose p = -3*k + 7. What is the units digit of k?
2
Let m = 17 - -6. Let v be (8/(-6))/((-85)/(-75) - 1). Let f = v + m. What is the units digit of f?
3
Let h(r) = 3*r**2 - 13*r + 7. Let g be h(5). Let q = g - 15. What is the units digit of q?
2
Let b(h) = -h**3 + 17*h**2 + 18*h + 26. Let v be b(18). Let n = -19 + v. What is the units digit of n?
7
Let v(t) = 3147*t - 144. What is the units digit of v(1)?
3
Suppose -d - 4*x + 23 = -0*x, -15 = -3*x. Let t(b) = d*b + 14 - 4 - 4*b + 4*b. What is the units digit of t(8)?
4
Suppose -20 = 5*g + 95. Suppose 2*p + 50 = -2*q, -2*q + 7*p - 12*p = 65. Let m = q - g. What is the units digit of m?
3
Suppose -3108 = -3*i - 3*s + 450, 3*i + 4*s - 3561 = 0. What is the thousands digit of i?
1
Let q(l) = l**2 + 6*l - 17. Let c be q(-8). Let g be 309/12*(-4)/c. Let u = 176 - g. What is the tens digit of u?
7
Let t = 57 - 25. Let a be 20/8 - (27/6)/(-9). What is the tens digit of t - -2*a/(-6)?
3
Let w be (-1)/(-4) + (-3 - 95/(-20)). Suppose 4*r = 8*r - 2*k - 158, -81 = -w*r + 3*k. What is the units digit of r?
9
Suppose 5*o = -1059 + 2059. What is the tens digit of o?
0
Let x be 9/(-6)*(-97 + 1 + -2). Let h = 251 - x. What is the tens digit of h?
0
Let w(m) = m**3 + 20*m**2 - 22*m + 43. Let s be (1 - -35)/(-2) + 3/(-1). What is the tens digit of w(s)?
6
Suppose -5 = -2*g - 13. Let m be (-6)/2 - (-132)/g. What is the units digit of (-932)/(-18) - 8/m?
2
What is the tens digit of ((-117)/78)/((-6)/2792)?
9
Suppose 940 = 7*j - 467. What is the hundreds digit of j?
2
Let h(r) = -3*r - 15. Let x be h(-5). Suppose 30 = -x*d + 3*d. What is the tens digit of d?
1
Let x(b) = b**3 + 13*b**2 - b + 4. Let j be x(-13). Suppose -8 - j = 5*l. Let i = 6 + l. What is the units digit of i?
1
Let c = -105 + 149. What is the units digit of c?
4
Suppose -88 = -2*p - 3*b, -4*p - 4*b = 73 - 241. Let n = p + -23. What is the units digit of n/20 - 69/(-4)?
8
Let j be 22*-85*4/(-40). Suppose -c - 4*c + 15 = 0. Suppose 0 = -a - c*a + 5*f + 155, -5*a = -4*f - j. What is the tens digit of a?
3
Let u = 608 - -1738. What is the hundreds digit of u?
3
Suppose 2*p - 2*c = 1594, 3*c = -0 + 12. What is the hundreds digit of p?
8
Let l(o) = 120*o**2 - 23*o - 74. What is the hundreds digit of l(-3)?
0
Suppose 0 = 4*k + 92 + 48. Let w be 0 - 3/(6/40). What is the units digit of w*7/(k/18)?
2
Let i(q) = 14*q**2 - 10*q + 1. Let g be (7 + -4)*(-2)/3. What is the units digit of i(g)?
7
What is the hundreds digit of 7 + (-84)/12 + 1974?
9
Let n be (-2)/9 + 656/36. Suppose -r - 3*r = -m - 15, -4*r = -2*m - n. What is the tens digit of m/2*(-638)/33?
2
Suppose -3*p = 3*o + 30, 0*o + 2*o = p - 11. Let i(k) = -k**2 - 3*k + 24. Let x be i(o). What is the tens digit of (-2)/x + (-162)/(-4)?
4
Suppose -w = 4*w + 5*g - 20, -w = 4*g - 10. Suppose w*a - 20 = -2*a. Suppose -38 = -d + 2*o, -2*d + a*d - 104 = 4*o. What is the units digit of d?
8
Suppose -2*w = w - 15. Let l be 57/11 - (-32)/(-176). Suppose l*f = -w*d + 127 + 33, 3*f + 5*d = 96. What is the tens digit of f?
3
What is the hundreds digit of 6*45 + (-7 - -2)?
2
Suppose -r = 4*p - 29, -2*p + 4*p + 3*r = 7. Let c be 18/54 + (-106)/(-6). What is the units digit of p/(-6)*c*-1?
4
What is the units digit of ((-56)/(-8) - 11) + 190 + 1?
7
Suppose 5*p - 994 = 4*r + 330, -3*p - 5*r = -824. What is the tens digit of p?
6
Let m = 1315 - -824. What is the thousands digit of m?
2
Let h = 34 - 23. Let d(u) = -u**3 + 11*u**2 - 2. Let w be d(h). What is the tens digit of (w + 1)/(3/(-57))?
1
Suppose 48*h - 51*h - 3726 = -4*j, -4*j - h + 3718 = 0. What is the hundreds digit of j?
9
What is the tens digit of (3 - 0)*((-3072)/(-18) + -2)?
0
Let w(s) = -1 - 147*s + 48*s**2 + 147*s. Let l be w(-1). Suppose 0 = v - l + 1. What is the tens digit of v?
4
Suppose -4*t + c + 2988 = 0, 3*c = -t + c + 747. What is the tens digit of t?
4
Suppose 7*b + 4*q - 690 = 5*b, 3*b + 2*q - 1027 = 0. What is the tens digit of b?
4
What is the hundreds digit of 1424/6 + 268/402?
2
Let l(v) = 4*v**2 - 2*v - 109. What is the hundreds digit of l(-10)?
3
Let n(h) = 6*h**3 - 2*h**2 - 2*h - 2. Let o be 6/(-4)*-2 - 5. Let y be n(o). Let s = y - -93. What is the tens digit of s?
3
Suppose 1791 = 11*h - 1399. What is the tens digit of h?
9
Let t(i) be the second derivative of -i**4/12 - 5*i**3/3 - 3*i**2 - 3*i. Let k be t(-9). Suppose -3 = k*o - 39. What is the tens digit of o?
1
Suppose -5*g + 5 = -x, 5*x - 12 = 3*x - g. Suppose -t + 546 = x*t. What is the tens digit of t?
9
Let c = -81 - -578. What is the hundreds digit of c?
4
Let k(t) = t**3 - 13*t**2 + 23*t - 9. Let a be 1/((-7)/(-12) - 4/8). What is the units digit of k(a)?
3
Suppose 0 = -3*o + 11*o + 1176. What is the tens digit of ((-6)/7)/(7/o)?
1
Let j(z) = 6*z**3 - z**2 + 2*z - 4. Let a be j(2). What is the tens digit of -2 + a - (0 - 3/(-3))?
4
Suppose -3 = -6*y + 9. What is the tens digit of 313/9 - -2 - y/(-9)?
3
Suppose 12*k = 3*k + 14472. What is the hundreds digit of k?
6
Let g(q) = 2*q**3 + 2*q**2 + 7*q + 1061. What is the thousands digit of g(0)?
1
Let d(j) = -2*j**2 - 6*j - 7. Let r be d(4). Let x = 11 - r. What is the tens digit of x?
7
Let k be -3 + 9 - 3*1. Suppose 2*t + 4*l = k*t - 3, -5*l = t + 24. What is the units digit of 3/(15/t - -2)?
9
Let t(j) = j**3 - 8*j**2 + 6*j + 10. Let a be t(7). Suppose r - a*i + 232 = 3*r, 3*r - 322 = 2*i. What is the tens digit of r?
1
What is the tens digit of ((4/(-8))/(-1))/(1/680)?
4
Let j(k) = k - 6*k - 4*k - k - 1. What is the tens digit of j(-6)?
5
Let n(o) = o**2 + 4*o + 7. Let c = 13 - 14. Let q be (7 - 2) + c + 1. What is the tens digit of n(q)?
5
Let k(l) = -24. Let d(u) = u - 23. Let j(y) = -5*d(y) + 6*k(y). What is the tens digit of j(-13)?
3
Suppose 0 = -3*a + 2*z + 58, 0*a + 5*z - 45 = -2*a. What is the units digit of a/3*(-36)/(-15)?
6
What is the hundreds digit of 6 + (-7 - -4) + 407?
4
Suppose -6*k = -3*k + 6*n - 3591, n - 1201 = -k. What is the units digit of k?
5
Let b(j) = -19*j + 8*j**2 + 17 - 3*j - 9*j**2. What is the tens digit of b(-19)?
7
Suppose 0 = -14*u + 270 + 738. What is the units digit of u?
2
Let y(z) = -z**2 - 6*z + 1. Let p be y(-6). Suppose 2*d - 5 = -p. Let m(v) = -v**3 + 6*v**2 - 2*v - 1. What is the tens digit of m(d)?
1
Let i be 1 + -1 + (-10 - -10). Suppose 0 = -5*x + 4*n - 148 + 575, i = 3*x - n - 259. What is the units digit of x?
7
Let u(b) = b**2 + 9*b + 1. Let i be u(-6). Let h = 19 + i. What is the units digit of (-74)/(-2) + (h - 4)?
5
Let l(g) = -3*g**3 - g**2 - 4*g + 3519. What is the units digit of l(0)?
9
Suppose -13 = -2*n - 0*n + k, -2*n + 5*k + 17 = 0. Suppose -j - n = -0*j. What is the tens digit of (-18)/12*76/j?
1
Suppose -1487 - 1429 = -6*d. What is the tens digit of d?
8
Suppose 23*o + 6560 = 43*o. What is the tens digit of o?
2
Let o = 31 - 16. Let s = o + 0. What is the units digit of s?
5
Let o(t) = -t**3 + 11*t**2 + 13*t + 20. Let c be o(12). Suppose -c - 15 = -u. What is the units digit of u?
7
Suppose -u - 15 = -4*b, 4*u - 2*b + 4 = -0*b. Suppose -m + 2 = -u. Suppose k = -0*i + 2*i - 87, 5*k + 134 = m*i. What is the units digit of i?
3
Let z = -32 - -36. Suppose q + 2*x - 161 = z*x, x - 5 = 0. What is the hundreds digit of q?
1
Let q = 45 + -39. Suppose -q*p + p = -5*m - 955, 2*p - m = 379. What is the hundreds digit of p?
1
Suppose 0 = -j - 2*j - 5*y + 87, 3*j = 5*y + 117. Let f(p) = 7*p + j*p**2 + 1 - 1 + 2 - 35*p**2. What is the units digit of f(6)?
8
Suppose 4*t = -2*l - 0*l + 358, 3*l + 5*t - 537 = 0. Suppose 0 = 9*u - 1223 + l. What is the units digit of u?
6
Let z(k) be the third derivative of 5*k**4/12 - k**3/6 + 7*k**2. Let m be z(-2). What is the tens di